3 composite?
True
Is 872579 composite?
True
Is 3857309 prime?
True
Is 252345131 a prime number?
True
Is 3946123 a prime number?
True
Is 31533041 composite?
True
Is 1572587 a prime number?
True
Is 69783161 composite?
True
Is 1753417 a prime number?
True
Is 682422217 prime?
True
Is 2639723 a composite number?
False
Is 4709902 a prime number?
False
Is 18396793 prime?
False
Is 480449 prime?
True
Is 11604961 a prime number?
True
Is 154385837 a composite number?
True
Is 102994207 a composite number?
True
Is 1055107 a composite number?
True
Is 157494329 composite?
False
Is 15662071 a prime number?
False
Is 67950143 a composite number?
False
Is 240701 composite?
False
Is 5617091 prime?
True
Is 935521 composite?
True
Is 4409765 a prime number?
False
Is 4568929 a composite number?
True
Is 71570857 composite?
False
Is 5390201 composite?
True
Is 8723069 a prime number?
False
Is 17222497 prime?
True
Is 78717809 a composite number?
True
Is 383862877 composite?
False
Is 3058493 a composite number?
False
Is 54132037 prime?
True
Is 23066899 prime?
True
Is 47064791 a prime number?
True
Is 64130249 prime?
False
Is 28733609 composite?
False
Is 193492961 a prime number?
True
Is 348706877 a composite number?
False
Is 1570339 a prime number?
True
Is 2256463 a prime number?
False
Is 3542017 prime?
False
Is 1031083001 a composite number?
True
Is 22733357 composite?
False
Is 19380169 prime?
False
Is 126360749 a prime number?
True
Is 83007887 composite?
False
Is 43589081 prime?
True
Is 3942587 prime?
False
Is 19775831 a composite number?
False
Is 8750293 prime?
True
Is 43080601 composite?
True
Is 3246743 composite?
False
Is 152087413 a composite number?
False
Is 19198567 prime?
True
Is 89141 composite?
True
Is 173723951 a prime number?
True
Is 622373393 prime?
True
Is 151423693 a prime number?
False
Is 8260619 composite?
False
Is 182156501 composite?
False
Is 3185641 a composite number?
True
Is 2644673 composite?
True
Is 6006727 prime?
False
Is 135173 prime?
True
Is 21876989 composite?
False
Is 4346774 a prime number?
False
Is 299732249 prime?
True
Is 997993 a composite number?
True
Is 37489429 a composite number?
False
Is 18792187 prime?
True
Is 92127059 a composite number?
True
Is 16311877 a prime number?
True
Is 245857 prime?
False
Is 1849227 composite?
True
Is 7661559 a prime number?
False
Is 68469461 a prime number?
False
Is 3755879 a prime number?
True
Is 21578993 a composite number?
False
Is 2864129 prime?
True
Is 668411 prime?
False
Is 349220129 prime?
False
Is 93663677 prime?
False
Is 1403573 prime?
False
Is 36318706 a composite number?
True
Is 18356909 prime?
True
Is 1364717 prime?
True
Is 75479903 a composite number?
False
Is 13829741 prime?
True
Is 46429883 composite?
True
Is 319343 prime?
True
Is 23724403 a prime number?
False
Is 1483010251 a composite number?
False
Is 238000991 a composite number?
True
Is 79022461 a composite number?
True
Is 4835563 composite?
False
Is 2098979 prime?
False
Is 4717889 prime?
False
Is 48579365 composite?
True
Is 125774107 prime?
True
Is 206559329 composite?
False
Is 8087887 composite?
False
Is 3221287 a prime number?
False
Is 565689 a prime number?
False
Is 18309457 a prime number?
True
Is 4858927 a prime number?
False
Is 6547 a composite number?
False
Is 6272171 a composite number?
False
Is 859549 a composite number?
True
Is 6063587 prime?
True
Is 37526605 prime?
False
Is 21482239 a composite number?
False
Is 216029513 prime?
False
Is 35011219 a prime number?
True
Is 120826387 a prime number?
False
Is 7627187 a prime number?
True
Is 1071209 prime?
False
Is 64033379 composite?
False
Is 14072417 a composite number?
False
Is 67270895 a composite number?
True
Is 135839651 composite?
False
Is 6246761 prime?
True
Is 21340687 prime?
False
Is 868817 a composite number?
False
Is 12468219 a prime number?
False
Is 7280197 a composite number?
False
Is 4670641 a prime number?
True
Is 14086517 a prime number?
True
Is 1088587 composite?
True
Is 3241783 a prime number?
True
Is 162889217 a composite number?
False
Is 6688739 a composite number?
True
Is 21117719 a prime number?
False
Is 7495973 a prime number?
True
Is 14636459 prime?
True
Is 28290361 prime?
False
Is 58640503 a composite number?
False
Is 8635589 composite?
True
Is 10688471 composite?
True
Is 899681 prime?
True
Is 3460259 composite?
True
Is 4093153 a composite number?
True
Is 2336821 composite?
False
Is 4617143 prime?
True
Is 16051171 composite?
True
Is 66213137 composite?
True
Is 285015847 a prime number?
False
Is 11896513 prime?
True
Is 2580451 composite?
True
Is 3266341 composite?
True
Is 188475439 a prime number?
True
Is 502939 a prime number?
False
Is 2081829 composite?
True
Is 385515859 composite?
False
Is 744635 composite?
True
Is 84079451 a prime number?
True
Is 150709661 composite?
False
Is 6958801 a composite number?
False
Is 3590807 a prime number?
False
Is 104789063 composite?
False
Is 55079023 a composite number?
False
Is 4736153 prime?
True
Is 159701 prime?
True
Is 25467287 a prime number?
True
Is 128071 composite?
True
Is 1303331 prime?
True
Is 129290201 a prime number?
False
Is 1646219 a prime number?
True
Is 369446027 composite?
False
Is 24506179 prime?
False
Is 28002035 prime?
False
Is 216269 a composite number?
True
Is 2536991 composite?
False
Is 1134349 prime?
False
Is 7712263 a prime number?
False
Is 9867707 a prime number?
False
Is 130430747 a composite number?
True
Is 57370799 a composite number?
False
Is 237997 a composite number?
False
Is 33014941 prime?
True
Is 59649907 prime?
True
Is 67851458 a composite number?
True
Is 4581539 composite?
True
Is 179577781 prime?
False
Is 583744621 a composite number?
False
Is 82262663 composite?
True
Is 18474043 a prime number?
False
Is 10944523 a prime number?
True
Is 7973491 a composite number?
True
Is 200304253 a composite number?
True
Is 81042997 prime?
False
Is 253670462 composite?
True
Is 582121 a composite number?
True
Is 2495123 composite?
False
Is 706539 a prime number?
False
Is 93996449 a composite number?
False
Is 1800841 composite?
True
Is 5841755 a composite number?
True
Is 9342037 prime?
True
Is 1030439567 a composite number?
True
Is 31254121 a composite number?
False
Is 10732141 prime?
False
Is 26795303 a composite number?
True
Is 141399509 composite?
False
Is 1189673 prime?
True
Is 75865 prime?
False
Is 59943811 a composite number?
True
Is 1682447 composite?
True
Is 121817501 a prime number?
False
Is 363799 composite?
False
Is 58202077 a prime number?
True
Is 26937577 prime?
False
Is 5046787 a prime number?
True
Is 2120107 composite?
True
Is 1103677 prime?
False
Is 810853 composite?
False
Is 8665409 a prime number?
True
Is 679 prime?
False
Is 1239930563 composite?
False
Is 92846555 prime?
False
Is 14219699 a composite number?
True
Is 131299897 composite?
False
Is 13995613 prime?
False
Is 209975489 prime?
True
Is 11800835 composite?
True
Is 4406491 a prime number?
True
Is 10326887 a prime number?
False
Is 2322841 a composite number?
True
Is 2125745 a composite number?
True
Is 2250757 composite?
True
Is 583819 a prime number?
False
Is 6910291 prime?
True
Is 16944437 prime?
True
Is 311819 a composite number?
True
Is 4518421 prime?
True
Is 250550323 a composite number?
False
Is 59136367 a prime number?
True
Is 541679 composite?
True
Is 13662521 a composite number?
False
Is 24962101 composite?
True
Is 21124487 prime?
True
Is 3015953 prime?
False
Is 87569663 a composite number?
False
Is 185672293 a prime number?
True
Is 1382587 a composite number?
True
Is 2797633 a composite number?
True
Is 563718587 a prime number?
True
Is 145428077 a composite number?
False
Is 1102639 composite?
True
Is 210716713 prime?
True
Is 17853839 a prime number?
True
Is 7545309 composite?
True
Is 1099171 composite?
False
Is 388447 prime?
False
Is 10059949 composite?
True
Is 1468387 prime?
True
Is 1359251 a composite number?
True
Is 135957343 prime?
True
Is 199990443 a composite number?
True
Is 11319149 a prime number?
False
Is 8003813 a prime number?
True
Is 63848497 a composite number?
True
Is 14552371 a composite number?
False
Is 135984179 a prime number?
False
Is 94361 composite?
True
Is 3892843 composite?
True
Is 533504831 a prime number?
True
Is 1171021 prime?
False
Is 5019163 composite?
False
Is 14671549 composite?
False